 = -q + 4*i - 15. Suppose -q*u + 2*u = -105. Let b(w) = 6*w. Calculate the remainder when u is divided by b(2).
11
Suppose 2*g - 5*g + 6 = 0. Suppose -3*a = -9 + 3. Let l = 7 - a. What is the remainder when l is divided by g?
1
Suppose 0 = -6*m + 44 + 52. Calculate the remainder when 79 is divided by m.
15
Suppose -5*w = -5*s + 100, 3*s - 4*w - 93 = -29. Calculate the remainder when 126 is divided by s.
14
Let q be 9/15 + (-238)/5. Let j = q - -94. What is the remainder when j is divided by 16?
15
Let f(c) = c**2 + 7*c + 2. Let b be f(-6). Let i be 2 - (-16 + 4/(-2)). Let u = b + i. Calculate the remainder when u is divided by 9.
7
Let l(k) = -k**3 - 4*k**3 + 4*k**3 + 7 - 6*k**2 - 5*k. What is the remainder when l(-5) is divided by 4?
3
Let o = -2 - -3. Let u = 55 + -38. Calculate the remainder when u is divided by 0 - o - (-4 + -3).
5
Let l(t) = t**3 + 4*t**2 - 5*t - 3. Let r be l(-5). Let q be 128 + -2 + 5 + r. Suppose -i + q = 3*i. Calculate the remainder when i is divided by 11.
10
Suppose 36 = -r + 4*r. Suppose 5*u = -4*d + 107, 5*d - 4*u - 40 = 63. What is the remainder when d is divided by r?
11
Let y(z) = -z - 12. Let c be y(-8). Let b = c - -9. Calculate the remainder when 23 is divided by b.
3
Let g = 7 - 0. Calculate the remainder when 11 is divided by g.
4
Let z = -8 - -16. Let b(m) be the second derivative of m**4/2 + m**3/6 + m**2/2 - 2*m. What is the remainder when b(-2) is divided by z?
7
Let d(a) = 6*a**2 - 6. Let r be d(6). Suppose -r = 4*q - 9*q. Suppose -q = -2*n + 36. What is the remainder when n is divided by 10?
9
Let h be (-282)/(-14) - (-3)/(-21). Suppose -3*i = 2*q - h, 5*i + 46 = 3*q + 16. What is the remainder when 19 is divided by q?
9
Let s(c) = -c**2 + 18*c - 5. What is the remainder when s(16) is divided by 10?
7
Suppose -4*d + 36 = -5*b, 4*b = -0*d + 2*d - 12. Calculate the remainder when 48 is divided by d.
6
Let x(k) = 17*k. Suppose 0 = -2*a - 0*a + 4. What is the remainder when x(a) is divided by 12?
10
Calculate the remainder when 1/(-2) + (-18)/(-4) - -4 is divided by 7.
1
Suppose 0 = 3*v + 8 - 41. Let y = -6 + v. Suppose -y*m = -185 + 60. Calculate the remainder when m is divided by 9.
7
Let v(m) = 6*m - 4*m + 3 + 10. Calculate the remainder when 3 is divided by v(-6).
0
Suppose g = -4*k + 512, 128 = k - 10*g + 5*g. Suppose 5*f + 4*a = k, 4*f = 4*a + 52 + 72. What is the remainder when f is divided by (-20)/(-1 + -1)*1?
8
Let q be (3/(-2))/((-2)/4). Suppose 0 = -q*x + 2*x + 4. Let u(o) = -o**2 + 5*o + 1. Calculate the remainder when 13 is divided by u(x).
3
Let x be 1/(-3) - 21/(-9). Suppose -27 = -s - x*s. Let c = 34 - 17. What is the remainder when c is divided by s?
8
Suppose 88 = 2*b + 10. Calculate the remainder when b is divided by 14.
11
What is the remainder when 21 is divided by 12/(-10)*(-10 + 0)?
9
Let j = -13 + 16. Suppose -27 = -5*x + j. Suppose 0 = 2*y - 5*i - 0 + 4, 0 = -5*y - 4*i + 23. Calculate the remainder when x is divided by y.
0
What is the remainder when (-5)/(5/3) - (-2 + -20) is divided by 10?
9
Let o = -5 - -35. Calculate the remainder when 89 is divided by o.
29
Suppose -41 = -2*u + 9. Calculate the remainder when u is divided by 13.
12
Let n = 147 - 144. Calculate the remainder when 3 is divided by n.
0
Let t = -6 - -8. Let w(u) = -3*u - 9. What is the remainder when w(-4) is divided by 1 + t*2/4?
1
Suppose 26 + 94 = 4*o. What is the remainder when 88 is divided by o?
28
Let f = 10 + -6. Let g = -1 + f. Suppose 0*v + 4*v - 35 = -s, g*v - 25 = -2*s. Calculate the remainder when 26 is divided by v.
8
Let r = -1 - -4. Suppose -11 = -4*b - r. What is the remainder when 46 is divided by b/(-3 + (-25)/(-8))?
14
Suppose 112 = 3*y + 5*b, 0*y - 2*y + 83 = 5*b. What is the remainder when y is divided by (6/15)/(3/60)?
5
Let v be 4/(-6) - 6/(-9). Suppose u - 5 - 5 = v. What is the remainder when u is divided by 4?
2
Let z be (10/(-15))/(1/(-3)). Let v be 5 - (-2 - z*-1). Suppose -g - 12 = -v*d, -d = -2*g - g + 34. Calculate the remainder when 38 is divided by g.
12
Let h = -28 + 51. Let o(l) = l**3. What is the remainder when h is divided by o(2)?
7
Let a(g) = -2*g**3 - 2*g**2 - g - 2. Let o be a(-2). Let h = o + 3. Let q(m) = m**3 - m + 31. What is the remainder when q(0) is divided by h?
9
Let a(x) be the second derivative of 5*x**3/3 - 3*x**2 - x. Let g(c) = 3*c**2 + c + 2. What is the remainder when a(4) is divided by g(-2)?
10
Suppose 3*y + 90 = 5*q, y + 0*y = -2*q + 25. Suppose z = -5*l + 29, 3*z = -3*l - 0*z + q. Calculate the remainder when l is divided by 2.
0
Let l = 26 + -22. What is the remainder when l is divided by 1?
0
Let i be 32/(-6)*(-3)/2. Let j(l) = -5 + 3 - 4 - l**2 + i*l. What is the remainder when j(6) is divided by 4?
2
Let s(i) = -83*i - 1. Let b be s(-1). Suppose 3*k + 25 = b. Calculate the remainder when 56 is divided by k.
18
Suppose -3 + 0 = -u. Suppose 2*k - 5*y = -3*k + 95, k + u*y - 27 = 0. What is the remainder when 81 is divided by k?
18
Suppose -3*y - 108 = -5*y. What is the remainder when y is divided by 28?
26
Suppose -3*m - 440 = -8*m. What is the remainder when m is divided by -4 - (-2)/1 - -32?
28
Let o = -200 - -331. Let f = o + -45. What is the remainder when f is divided by 22?
20
Let r = 45 - 31. Suppose 4*w - 4*k + 7*k = 37, -2*k = -2*w + 8. Let q(n) = 2*n + 12. Calculate the remainder when q(w) is divided by r.
12
Let q(t) = t + 7. Let f be q(-5). Suppose f*r - 3 = -2*h + r, 2 = 2*r. Let w = 5 - h. What is the remainder when w is divided by 2?
0
Let r be (0 - (-1)/(-3))*-3. What is the remainder when 3 is divided by -1 + r*(-1 - -4)?
1
Let m = 0 + 4. Suppose -o = -5*w - 0*o - 3, 0 = -m*w + 2*o - 6. Suppose -112 = -4*j - w*j. What is the remainder when j is divided by 10?
8
What is the remainder when (-4)/(-6) - 3312/(-54) is divided by 13?
10
Suppose 17*v = 5*v + 132. Calculate the remainder when 75 is divided by v.
9
Suppose 0 = 5*w - 7 - 3. Let o(x) = -x + 3. Let h be o(7). Let z = w - h. What is the remainder when 11 is divided by z?
5
Let j(u) = u**2 - 12*u + 16. Let c be j(11). Suppose -5*i = -4*d - 31, 39 = 5*i + c*d - d. What is the remainder when 19 is divided by i?
5
Suppose b + 30 = -2*b. What is the remainder when 53 is divided by 12/(-7)*105/b?
17
Suppose -6*d + 56 = -2*d. Calculate the remainder when 25 is divided by d.
11
Let m(d) = -d**3 - 3*d**2 + 2*d + 5. Calculate the remainder when m(-4) is divided by 8.
5
What is the remainder when (-2)/(-3 + (-902)/(-302)) is divided by 22?
19
Let g = 80 - 43. Suppose 2*f = g + 5. What is the remainder when 62 is divided by f?
20
Let v = 84 + -67. Let l(o) = -11*o + 5. Calculate the remainder when l(-4) is divided by v.
15
Let w(i) = 6 + 1 - 7*i**2 + 6*i + 1 + i**3 + 0*i**3. Calculate the remainder when 21 is divided by w(6).
5
Let k(d) = -d**3 + 5*d**2 + 8*d + 3. Suppose 2*q = -4*h + 62 - 20, -4*h + 4*q = -12. Calculate the remainder when k(6) is divided by h.
7
Suppose y + 6 = 27. Suppose -5*k + 0*k = -2*c - 294, -k = 4*c - 72. Calculate the remainder when k is divided by y.
18
Suppose -5*l = -6 - 4. Calculate the remainder when (23/l)/(3/6) is divided by 6.
5
Let n(k) = 8*k - 2. Let w(c) = -4*c**3 - c**2 + c + 1. Let b be w(-1). What is the remainder when n(b) is divided by 8?
6
Let p(y) = y**2 + 27*y - 30. What is the remainder when p(-31) is divided by 26?
16
Let d(w) = w**3 + 9*w**2 + 9*w + 11. Let i be d(-8). Let j = i - -3. Suppose 68 = -0*a + 4*a. What is the remainder when a is divided by j?
5
Suppose 0 = -5*i - z + 152 + 205, 2*i = -4*z + 150. Calculate the remainder when i is divided by 18.
17
Let l(h) = h**3 - 6*h**2 - 6*h + 3. Let c be 3/2*(-14)/(-3). Calculate the remainder when 17*(-1)/3*-3 is divided by l(c).
7
Suppose 3*n - 4 = 11, 2*n = -b + 11. Let c = 17 + b. What is the remainder when c is divided by 10?
8
What is the remainder when (-510)/(-16) + (-8)/(-64) is divided by 11?
10
Suppose -5*q - 99 = -4*n, 55 = -n + 3*n + 3*q. Calculate the remainder when n is divided by 3/(-9) + 43/3.
12
Suppose -3*g + 14 = 2. Suppose 5*u - 21 = -3*m, -2*u = 2*m - 3*m - g. Suppose 2*f = -u*f + 185. What is the remainder when f is divided by 13?
11
Suppose 4*w = -2*q + 378, -13 + 105 = w - 2*q. What is the remainder when w is divided by 12?
10
Suppose -62 = -4*i - 6. Let j = 3 + -2